{"id":596,"date":"2013-08-12T07:09:46","date_gmt":"2013-08-12T07:09:46","guid":{"rendered":"http:\/\/localhost\/wordpress-3-6\/?page_id=596"},"modified":"2020-03-26T09:40:00","modified_gmt":"2020-03-26T09:40:00","slug":"about-me-extended","status":"publish","type":"page","link":"http:\/\/pss-sst.pt\/front2\/?page_id=596","title":{"rendered":"SOBRE N\u00d3S&#8230;"},"content":{"rendered":"<div style=\"height: 600px\" class=\"parallax_slider_outer first-section\"><div style=\"height: 600px\" data-fullscreen=\"false\" data-autorotate=\"\" data-parallax=\"true\" data-full-width=\"true\" class=\"nectar-slider-wrap \" id=\"ns-id-69e48f03b0fb9\">\r\n\t\t<div style=\"height: 600px\" class=\"swiper-container\" data-loop=\"false\" data-height=\"600\" data-arrows=\"false\" data-bullets=\"false\" data-desktop-swipe=\"true\">\r\n\t\t\t    <div class=\"swiper-wrapper\"><div class=\"swiper-slide\" style=\"background-image: url(http:\/\/pss-sst.pt\/front2\/wp-content\/uploads\/2016\/08\/oficial-02.jpg);\" data-bg-alignment=\"center\" data-color-scheme=\"light\" data-x-pos=\"centered\" data-y-pos=\"middle\"> \r\n\t\t\t\t\r\n\t\t\t\t\t\t\t<div class=\"container\">\r\n\t\t\t\t\t\t\t\t<div class=\"content\"><h2>SOBRE N\u00d3S...<\/h2><p  ><span>O seu parceiro!<\/span><\/p><\/div>\r\n\t\t\t\t\t\t\t<\/div><!--\/container--><\/div><!--\/swiper-slide--><\/div><div class=\"nectar-slider-loading\"><\/div> <\/div> \r\n\t\t\t\r\n\t\t<\/div><\/div>\n\r\n\t<div id=\"fws_69e48f03b55ea\" class=\"full-width-section standard_section   \" style=\"background-color: #fbfbfb; padding-top: 90px; padding-bottom: 65px; \">\r\n    <div class=\"col span_12 dark\">\n<h2 style=\"text-align: center;\"><span style=\"color: #27ccc0;\">A NOSSA MISS\u00c3O<br \/>\n<\/span><\/h2>\n<h4 style=\"text-align: center;\">Para que qualquer empresa consiga garantir a sua sustentabilidade necessita de trabalhadores saud\u00e1veis e seguros. Esta \u00e9 a nossa miss\u00e3o e os nossos princ\u00edpios:<\/h4>\n<div class=\"col span_4 has-animation\" data-animation=\"fade-in\" data-delay=\"0\"> <div class=\"col span_2\" data-animation=\"\" data-delay=\"0\"> <i class=\"icon-default-style icon-star accent-color\"><\/i> <\/div>\n<div class=\"col span_10 col_last\" data-animation=\"\" data-delay=\"0\">\n<h3>Qualidade<\/h3>\n<p>A garantia de qualidade para os nossos clientes \u00e9 uma motiva\u00e7\u00e3o a trabalhar melhor.<\/p>\n<\/div><div class=\"clear\"><\/div>\n<\/div>\n<div class=\"col span_4 has-animation\" data-animation=\"fade-in\" data-delay=\"150\"> <div class=\"col span_2\" data-animation=\"\" data-delay=\"0\"><i class=\"icon-default-style icon-trophy accent-color\"><\/i><\/div>\n<div class=\"col span_10 col_last\" data-animation=\"\" data-delay=\"0\">\n<h3>Parceria<\/h3>\n<p>Mais do que fornecedores, queremos ser parceiros dos nossos clientes;<\/p>\n<\/div><div class=\"clear\"><\/div>\n<\/div>\n<div class=\"col span_4 col_last has-animation\" data-animation=\"fade-in\" data-delay=\"300\"> <div class=\"col span_2\" data-animation=\"\" data-delay=\"0\"><i class=\"icon-default-style icon-book accent-color\"><\/i>\u00a0<\/div>\n<div class=\"col span_10 col_last\" data-animation=\"\" data-delay=\"0\">\n<h3>Olhar Legal<\/h3>\n<p>Numa \u00e1rea com muita legisla\u00e7\u00e3o, oferecemos todo o suporte jur\u00eddico aos nossos clientes.<\/p>\n<\/div><div class=\"clear\"><\/div>\n<\/div><div class=\"clear\"><\/div>\n<div class=\"col span_4 has-animation\" data-animation=\"fade-in\" data-delay=\"450\"> <div class=\"col span_2\" data-animation=\"\" data-delay=\"0\"> <i class=\"icon-default-style icon-folder-close accent-color\"><\/i>\u00a0<\/div>\n<div class=\"col span_10 col_last\" data-animation=\"\" data-delay=\"0\">\n<h3>Conhecimento<\/h3>\n<p>Queremos garantir que as equipas de Sa\u00fade e Seguran\u00e7a se mant\u00eam atualizadas cientificamente nas suas \u00e1reas.<\/p>\n<\/div><div class=\"clear\"><\/div>\n<\/div>\n<div class=\"col span_4 has-animation\" data-animation=\"fade-in\" data-delay=\"600\"> <div class=\"col span_2\" data-animation=\"\" data-delay=\"0\"> <i class=\"icon-default-style icon-comments-alt accent-color\"><\/i><\/div>\n<div class=\"col span_10 col_last\" data-animation=\"\" data-delay=\"0\">\n<h3>Proximidade<\/h3>\n<p>Pretendemos um relacionamento de proximidade com os nossos clientes. De porta sempre aberta.<\/p>\n<\/div><div class=\"clear\"><\/div>\n<\/div>\n<div class=\"col span_4 col_last has-animation\" data-animation=\"fade-in\" data-delay=\"750\"> <div class=\"col span_2\" data-animation=\"\" data-delay=\"0\"> <i class=\"icon-default-style icon-random accent-color\"><\/i><\/div>\n<div class=\"col span_10 col_last\" data-animation=\"\" data-delay=\"0\">\n<h3>Privacidade<\/h3>\n<p>Valores como a privacidade, da emprea e trabalhadores, s\u00e3o pilares para as nossas equipas.<\/p>\n<\/div><div class=\"clear\"><\/div>\n<\/div><div class=\"clear\"><\/div>\n<\/div><\/div>\n\r\n\t<div id=\"fws_69e48f03b5751\" class=\"full-width-section standard_section   \" style=\"background-color: #f5f5f5; padding-top: 90px; padding-bottom: 10px; \">\r\n    <div class=\"col span_12 dark\">\n<div class=\"col span_4\" data-animation=\"\" data-delay=\"0\">\n<h3>Um Resumo&#8230;<\/h3>\n<p>A PSS \u00e9 a continuidade de um servi\u00e7o de SST que remonta a 2010. A nossa experi\u00eancia acumulado permitiu o nosso crescimento, din\u00e2mico e sustentado, para permitir uma garantia de qualidade a todos os nossos clientes.<\/p>\n<p>A PSS tornou-se assim uma evolu\u00e7\u00e3o para melhor o poder servir. Com instala\u00e7\u00f5es novas, com equipamentos novos e com uma renovada esmotiva\u00e7\u00e3o esperamos por si.<\/p>\n<\/div>\n<div class=\"col span_8 col_last\" data-animation=\"\" data-delay=\"0\">\n<h3>Principais Compet\u00eancias<\/h3>\n<ul class=\"bar_graph\"> \r\n\t<li>\r\n\t\t<p>Sa\u00fade no Trabalho<\/p>\r\n\t\t<div class=\"bar-wrap\"><span class=\"accent-color\" data-width=\"100\"> <strong><i>100<\/i>%<\/strong> <\/span><\/div>\r\n\t<\/li> \r\n\t<li>\r\n\t\t<p>Seguran\u00e7a no Trabalho<\/p>\r\n\t\t<div class=\"bar-wrap\"><span class=\"accent-color\" data-width=\"100\"> <strong><i>100<\/i>%<\/strong> <\/span><\/div>\r\n\t<\/li> \r\n\t<li>\r\n\t\t<p>Assessoria a Empresas<\/p>\r\n\t\t<div class=\"bar-wrap\"><span class=\"accent-color\" data-width=\"61\"> <strong><i>61<\/i>%<\/strong> <\/span><\/div>\r\n\t<\/li> \r\n\t<li>\r\n\t\t<p>Consultas de Especialidades M\u00e9dicas<\/p>\r\n\t\t<div class=\"bar-wrap\"><span class=\"accent-color\" data-width=\"16\"> <strong><i>16<\/i>%<\/strong> <\/span><\/div>\r\n\t<\/li> <\/ul>\n<\/div><div class=\"clear\"><\/div>\n<\/div><\/div>\n\r\n\t<div id=\"fws_69e48f03b57b7\" class=\"full-width-section standard_section   \" style=\"background-color: #f5f5f5; padding-top: 30px; padding-bottom: 40px; \">\r\n    <div class=\"col span_12 dark\">\n<div class=\"col span_4\" data-animation=\"\" data-delay=\"0\">\n<p><a href=\"https:\/\/www.tidio.com\/talk\/yz6ey1jtsgczj7dwcxn5wuctsm1c9okp\"><img loading=\"lazy\" class=\"alignnone size-full wp-image-1074\" src=\"http:\/\/pss-sst.pt\/front2\/wp-content\/uploads\/2020\/03\/Buton-CC-Online-16.jpg\" alt=\"\" width=\"360\" height=\"97\" srcset=\"http:\/\/pss-sst.pt\/front2\/wp-content\/uploads\/2020\/03\/Buton-CC-Online-16.jpg 360w, http:\/\/pss-sst.pt\/front2\/wp-content\/uploads\/2020\/03\/Buton-CC-Online-16-300x81.jpg 300w, http:\/\/pss-sst.pt\/front2\/wp-content\/uploads\/2020\/03\/Buton-CC-Online-16-24x6.jpg 24w, http:\/\/pss-sst.pt\/front2\/wp-content\/uploads\/2020\/03\/Buton-CC-Online-16-36x10.jpg 36w, http:\/\/pss-sst.pt\/front2\/wp-content\/uploads\/2020\/03\/Buton-CC-Online-16-48x13.jpg 48w\" sizes=\"(max-width: 360px) 100vw, 360px\" \/><\/a><\/p>\n<\/div>\n<div class=\"col span_4\" data-animation=\"\" data-delay=\"0\">\n<p><img loading=\"lazy\" class=\"alignnone wp-image-1075 size-full\" src=\"http:\/\/pss-sst.pt\/front2\/wp-content\/uploads\/2020\/03\/Button-Telefone1-16.jpg\" alt=\"\" width=\"360\" height=\"97\" srcset=\"http:\/\/pss-sst.pt\/front2\/wp-content\/uploads\/2020\/03\/Button-Telefone1-16.jpg 360w, http:\/\/pss-sst.pt\/front2\/wp-content\/uploads\/2020\/03\/Button-Telefone1-16-300x81.jpg 300w, http:\/\/pss-sst.pt\/front2\/wp-content\/uploads\/2020\/03\/Button-Telefone1-16-24x6.jpg 24w, http:\/\/pss-sst.pt\/front2\/wp-content\/uploads\/2020\/03\/Button-Telefone1-16-36x10.jpg 36w, http:\/\/pss-sst.pt\/front2\/wp-content\/uploads\/2020\/03\/Button-Telefone1-16-48x13.jpg 48w\" sizes=\"(max-width: 360px) 100vw, 360px\" \/><\/p>\n<\/div>\n<div class=\"col span_4\" data-animation=\"\" data-delay=\"0\">\n<p><img loading=\"lazy\" class=\"alignnone wp-image-1076 size-full\" src=\"http:\/\/pss-sst.pt\/front2\/wp-content\/uploads\/2020\/03\/Button-Email-16.jpg\" alt=\"\" width=\"360\" height=\"97\" srcset=\"http:\/\/pss-sst.pt\/front2\/wp-content\/uploads\/2020\/03\/Button-Email-16.jpg 360w, http:\/\/pss-sst.pt\/front2\/wp-content\/uploads\/2020\/03\/Button-Email-16-300x81.jpg 300w, http:\/\/pss-sst.pt\/front2\/wp-content\/uploads\/2020\/03\/Button-Email-16-24x6.jpg 24w, http:\/\/pss-sst.pt\/front2\/wp-content\/uploads\/2020\/03\/Button-Email-16-36x10.jpg 36w, http:\/\/pss-sst.pt\/front2\/wp-content\/uploads\/2020\/03\/Button-Email-16-48x13.jpg 48w\" sizes=\"(max-width: 360px) 100vw, 360px\" \/><\/p>\n<\/div>\n<\/div><\/div>\n","protected":false},"excerpt":{"rendered":"","protected":false},"author":1,"featured_media":0,"parent":0,"menu_order":0,"comment_status":"open","ping_status":"closed","template":"","meta":{"spay_email":""},"_links":{"self":[{"href":"http:\/\/pss-sst.pt\/front2\/index.php?rest_route=\/wp\/v2\/pages\/596"}],"collection":[{"href":"http:\/\/pss-sst.pt\/front2\/index.php?rest_route=\/wp\/v2\/pages"}],"about":[{"href":"http:\/\/pss-sst.pt\/front2\/index.php?rest_route=\/wp\/v2\/types\/page"}],"author":[{"embeddable":true,"href":"http:\/\/pss-sst.pt\/front2\/index.php?rest_route=\/wp\/v2\/users\/1"}],"replies":[{"embeddable":true,"href":"http:\/\/pss-sst.pt\/front2\/index.php?rest_route=%2Fwp%2Fv2%2Fcomments&post=596"}],"version-history":[{"count":11,"href":"http:\/\/pss-sst.pt\/front2\/index.php?rest_route=\/wp\/v2\/pages\/596\/revisions"}],"predecessor-version":[{"id":1086,"href":"http:\/\/pss-sst.pt\/front2\/index.php?rest_route=\/wp\/v2\/pages\/596\/revisions\/1086"}],"wp:attachment":[{"href":"http:\/\/pss-sst.pt\/front2\/index.php?rest_route=%2Fwp%2Fv2%2Fmedia&parent=596"}],"curies":[{"name":"wp","href":"https:\/\/api.w.org\/{rel}","templated":true}]}}