{"id":910,"date":"2016-08-12T15:24:22","date_gmt":"2016-08-12T15:24:22","guid":{"rendered":"http:\/\/pss-sst.pt\/front2\/?page_id=910"},"modified":"2020-03-25T20:57:43","modified_gmt":"2020-03-25T20:57:43","slug":"saude-no-trabalho","status":"publish","type":"page","link":"http:\/\/pss-sst.pt\/front2\/?page_id=910","title":{"rendered":"Sa\u00fade no Trabalho"},"content":{"rendered":"<div style=\"height: 650px\" class=\"parallax_slider_outer first-section\"><div style=\"height: 650px\" data-fullscreen=\"false\" data-autorotate=\"\" data-parallax=\"true\" data-full-width=\"true\" class=\"nectar-slider-wrap \" id=\"ns-id-69e4948b4a03a\">\r\n\t\t<div style=\"height: 650px\" class=\"swiper-container\" data-loop=\"false\" data-height=\"650\" data-arrows=\"false\" data-bullets=\"false\" data-desktop-swipe=\"true\">\r\n\t\t\t    <div class=\"swiper-wrapper\"><div class=\"swiper-slide static\" style=\"background-image: url(http:\/\/pss-sst.pt\/front2\/wp-content\/uploads\/2016\/08\/saude.jpg);\" data-bg-alignment=\"center\" data-color-scheme=\"dark\" data-x-pos=\"right\" data-y-pos=\"top\"> \r\n\t\t\t\t\r\n\t\t\t\t\t\t\t<div class=\"container\">\r\n\t\t\t\t\t\t\t\t<div class=\"content\"><h2>SA\u00daDE NO TRABALHO<\/h2><p  ><span>A equipa de sa\u00fade no trabalho \u00e9 composta por m\u00e9dicos especialistas em Medicina do Trabalho e Enfermeiro do Trabalho. <br\/> Preparados para cuidar da sa\u00fade da sua empresa.<\/span><\/p><div class=\"buttons\"><div class=\"button transparent\">\r\n\t\t\t\t\t\t\t\t\t\t\t \t\t <a class=\"extra-color-3\" href=\"http:\/\/pss-sst.pt\/front2\/?page_id=910\">CONHE\u00c7A<\/a>\r\n\t\t\t\t\t\t\t\t\t\t\t \t <\/div><div class=\"button solid_color\">\r\n\t\t\t\t\t\t\t\t\t\t\t \t\t <a class=\"extra-color-1\" href=\"http:\/\/pss-sst.pt\/front2\/?page_id=703\">CONTACTO<\/a>\r\n\t\t\t\t\t\t\t\t\t\t\t \t <\/div><\/div><\/div>\r\n\t\t\t\t\t\t\t<\/div><!--\/container--><\/div><!--\/swiper-slide--><\/div><div class=\"nectar-slider-loading\"><\/div> <\/div> \r\n\t\t\t\r\n\t\t<\/div><\/div>\n\r\n\t<div id=\"fws_69e4948b4ccd9\" class=\"full-width-section standard_section   \" style=\"background-color: #e2e2e2; padding-top: 40px; padding-bottom: 40px; \">\r\n    <div class=\"col span_12 dark\">\n<div class=\"col span_8\" data-animation=\"\" data-delay=\"0\">\n<h2>O QUE \u00c9?<\/h2>\n<div id=\"pastingspan1\">A Medicina do Trabalho desempenha hoje um papel crucial nas empresas, subscrito pela generalidade da comunidade cient\u00edfica e pelos organismos internacionais de refer\u00eancia, como a OMS (Organiza\u00e7\u00e3o Mundial de Sa\u00fade) e a OIT (Organiza\u00e7\u00e3o Internacional do Trabalho) a n\u00edvel Internacional. Estes conceitos englobam \u00a0a totalidade das interven\u00e7\u00f5es m\u00e9dicas, t\u00e9cnicas e outras que visam a prote\u00e7\u00e3o e a promo\u00e7\u00e3o da sa\u00fade dos trabalhadores nos locais de trabalho.<\/div>\n<div>Promover as Condi\u00e7\u00f5es de Trabalho que garantam o mais elevado grau de qualidade, protegendo os trabalhadores, promovendo o seu bem-estar f\u00edsico, mental e social, prevenindo a doen\u00e7a e os acidentes, \u00e9 \u00a0um velho objectivo defendido pela OMS, encarando o trabalho como parte integrante do ser humano.<\/div>\n<div>As atividades de medicina do trabalho devem ser desempenhadas por m\u00e9dicos especialistas em Medicina do Trabalho da Ordem dos M\u00e9dicos.<\/div>\n<div>O servi\u00e7o de sa\u00fade no trabalho da PSS conta ainda com enfermeiros do trabalho, com forma\u00e7\u00e3o na \u00e1rea de cuidados, que coadjuvam o m\u00e9dico do trabalho.<\/div>\n<\/div>\n<div class=\"col span_4 col_last\" data-animation=\"\" data-delay=\"0\">\n<h2>SERVI\u00c7OS<\/h2>\n<div class=\"toggles accordion\"> <div class=\"toggle accent-color\"><h3><a href=\"#\"><i class=\"icon-plus-sign\"><\/i>AVALIA\u00c7\u00d5ES M\u00c9DICAS<\/a><\/h3><div> Avalia\u00e7\u00e3o da condi\u00e7\u00f5es f\u00edsica e psicol\u00f3gicas dos trabalhadores para o desempenho das suas fun\u00e7\u00f5es <\/div><\/div> <div class=\"toggle accent-color\"><h3><a href=\"#\"><i class=\"icon-plus-sign\"><\/i>EMISS\u00c3O DE FICHAS DE APTID\u00c3O<\/a><\/h3><div> Emiss\u00e3o de Ficha de Aptid\u00e3o M\u00e9dica na sequ\u00eancias das avalia\u00e7\u00f5es efetuadas e de acordo com a autoriza\u00e7\u00e3o da DRS\u00a0<\/div><\/div><div class=\"toggle accent-color\"><h3><a href=\"#\"><i class=\"icon-plus-sign\"><\/i>PERITAGEM M\u00c9DICA<\/a><\/h3><div> Avalia\u00e7\u00e3o M\u00e9dica da condi\u00e7\u00e3o f\u00edsica e psicol\u00f3gica do trabalhador e emiss\u00e3o de relat\u00f3rio m\u00e9dico <\/div><\/div> <div class=\"toggle accent-color\"><h3><a href=\"#\"><i class=\"icon-plus-sign\"><\/i>EXAMES COMPLEMENTARES<\/a><\/h3><div> Realiza\u00e7\u00e3o dos seguintes exames complementares de diagn\u00f3stico:<\/p>\n<p>&#8211; An\u00e1lises Cl\u00ednicas (em protocolo);<br \/>\n&#8211; ECG; &#8211; Espirometria;<br \/>\n&#8211; Avalia\u00e7\u00e3o da Acuidade Visual;<br \/>\n&#8211; Biometrias;<br \/>\n&#8211; Audiometrias;<br \/>\n&#8211; Exames Radiol\u00f3gicas (em protocolo); <\/div><\/div> <div class=\"toggle accent-color\"><h3><a href=\"#\"><i class=\"icon-plus-sign\"><\/i>AVALIA\u00c7\u00c3O DE ENFERMAGEM<\/a><\/h3><div> Realiza\u00e7\u00e3o de consultas de enfermagem de sa\u00fade do adulto <\/div><\/div> <div class=\"toggle accent-color\"><h3><a href=\"#\"><i class=\"icon-plus-sign\"><\/i>FORMA\u00c7\u00c3O<\/a><\/h3><div> Realiza\u00e7\u00e3o de sess\u00f5es de forma\u00e7\u00e3o em contexto de trabalho para as prioridades definidas para cada posto de trabalho\u00a0<\/div><\/div><\/div>\n<\/div><div class=\"clear\"><\/div>\n<\/div><\/div>\n\r\n\t<div id=\"fws_69e4948b4cd8f\" class=\"full-width-section standard_section   \" style=\"background-color: #00bc71; padding-top: 40px; padding-bottom: 40px; \">\r\n    <div class=\"col span_12 light\">\n<div class=\"col span_4\" data-animation=\"\" data-delay=\"0\">\n<h2>LEGISLA\u00c7\u00c3O<\/h2>\n<div><a href=\"http:\/\/pss-sst.pt\/front2\/wp-content\/uploads\/2016\/08\/Lei-n\u00ba-3-2014.pdf\"><b>Lei n.\u00ba 3\/2014, de 28 de Janeiro<\/b><\/a><\/div>\n<div id=\"pastingspan1\"><\/div>\n<div id=\"pastingspan1\">Procede \u00e0 segunda altera\u00e7\u00e3o \u00e0 Lei n.\u00ba 102\/2009, de 10 de Setembro, que aprova o regime jur\u00eddico da promo\u00e7\u00e3o da seguran\u00e7a e sa\u00fade no trabalho.<\/div>\n<div><\/div>\n<div><b><a href=\"http:\/\/pss-sst.pt\/front2\/wp-content\/uploads\/2016\/08\/Decreto-Lei-n\u00ba-102-2009.pdf\" target=\"_blank\" rel=\"noopener noreferrer\">Lei n.\u00ba 102\/2009, de 10 de Setembro<\/a><\/b>,<\/div>\n<div>Aprova o regime jur\u00eddico da promo\u00e7\u00e3o da seguran\u00e7a e sa\u00fade no trabalho.<\/div>\n<div><\/div>\n<div>\n<div id=\"pastingspan1\"><b><a href=\"http:\/\/www.ecosaude.pt\/uploads\/Lei2320122506.pdf\" target=\"_blank\" rel=\"noopener noreferrer\">Lei n.\u00ba 23\/2012, de 25 de junho<\/a><\/b><\/div>\n<div id=\"pastingspan1\">Procede \u00e0 terceira altera\u00e7\u00e3o ao C\u00f3digo do Trabalho, aprovado pela Lei n.\u00ba 7\/2009, de 12 de fevereiro.<\/div>\n<div><\/div>\n<div><\/div><\/div>\n<\/div>\n<div class=\"col span_8 col_last\" data-animation=\"\" data-delay=\"0\">\n<h2>FAQ<\/h2>\n<div class=\"toggles accordion\"> <div class=\"toggle accent-color\"><h3><a href=\"#\"><i class=\"icon-plus-sign\"><\/i>Todas as empresas s\u00e3o obrigadas a possuirem servi\u00e7os de sa\u00fade no trabalho?<\/a><\/h3><div> \u00c9 obriga\u00e7\u00e3o legal dos empregadores (Lei n\u00ba 102\/2009) a promoverem as avalia\u00e7\u00f5es m\u00e9dico-laborais dos seus trabalhadores, na periocidade definida pela lei (trabalhadores abaixo de 18 anos ou acima de 50: 1 Ano; trabalhadores entre os 18-49 anos: 2 Anos). <\/div><\/div> <div class=\"toggle accent-color\"><h3><a href=\"#\"><i class=\"icon-plus-sign\"><\/i>Que tipos de exames de medicina do trabalho existem?<\/a><\/h3><div> A lei prev\u00ea v\u00e1rios tipos de exames:<br \/>\n1. Admiss\u00e3o: realiza\u00e7\u00e3o do exame no momento da admiss\u00e3o \u00e0 empresa;<br \/>\n2. Peri\u00f3dico: para avalia\u00e7\u00e3o m\u00e9dica peri\u00f3dica do estado de sa\u00fade do trabalho (trabalhadores abaixo de 18 anos ou acima de 50: 1 Ano; trabalhadores entre os 18-49 anos: 2 Anos).<br \/>\n3. Ocasional por Doen\u00e7a: sempre que o trabalhador se ausente do seu posto de trabalho, por motivo de doen\u00e7a, superior a 30 dias, ou tenha sofrido modifica\u00e7\u00f5es severas ao seu estado de sa\u00fade;<br \/>\n4. Ocasional por Acidente: sempre que o trabalhador sofra um acidente de trabalho, independentemente de ter provocado sequelas ou n\u00e3o;<br \/>\n5. Ocasional a pedido do trabalhador: quando, por diversos motivos, o trabalhador solicita ao empregador a realiza\u00e7\u00e3o de consulta m\u00e9dica;<br \/>\n6. Ocasional a pedido do servi\u00e7o: quando o servi\u00e7o de sa\u00fade solicita ao trabalhador a realiza\u00e7\u00e3o de consulta m\u00e9dica;<br \/>\n7. Ocasional por mudan\u00e7a de fun\u00e7\u00e3o: sempre que o trabalhador muda a fun\u00e7\u00e3o\/tarefas essenciais que desempanha na empresa deve ser avaliado novamente;<br \/>\n8. Ocasional por mudan\u00e7a das condi\u00e7\u00f5es de trabalho: sempre que o posto de trabalho sofre modifica\u00e7\u00f5es passiveis de afetar a sa\u00fade do trabalhador; <\/div><\/div> <div class=\"toggle accent-color\"><h3><a href=\"#\"><i class=\"icon-plus-sign\"><\/i>O que \u00e9 a ficha de aptid\u00e3o?<\/a><\/h3><div> A ficha de aptid\u00e3o m\u00e9dica \u00e9 um documento legal emitido pelo M\u00e9dico do Trabalho (\u00fanica e exclusivamente por este) ap\u00f3s a sua avalia\u00e7\u00e3o do trabalhador com o resultado da sua avalia\u00e7\u00e3o. Os trabalhadores podem ser considerados:<br \/>\n&#8211; Aptos;<br \/>\n&#8211; Aptos condicionais (com uma s\u00e9rie de restri\u00e7\u00f5es nas suas fun\u00e7\u00f5es);<br \/>\n&#8211; Inaptos Temporariamente (considerados incapazes de desempenhar as suas fun\u00e7\u00f5es por um per\u00edodo de tempo limitado e definido pelo m\u00e9dico do trabalho;<br \/>\n&#8211; Inaptos Definitivamente (quando o trabalhador, e ap\u00f3s avalia\u00e7\u00e3o m\u00e9dica, deixa de ter condi\u00e7\u00f5es permanentemente de desempenhar determinada tarefa).<\/p>\n<p>Apenas os m\u00e9dicos do trabalho com especialidade reconhecida pela Ordem dos M\u00e9dicos, ou aqueles que estejam <a href=\"http:\/\/www.azores.gov.pt\/NR\/rdonlyres\/09509326-9C94-44E5-9BC4-2ECA11A75EB7\/989160\/01julho2016MdicostrabalhoautorizadosRAA.pdf\">autorizados transitoriamente a exercer a especialidade,<\/a> podem realizar a emiss\u00e3o de fichas de aptid\u00e3o m\u00e9dicas.<br \/>\nApenas<a href=\"http:\/\/www.azores.gov.pt\/NR\/rdonlyres\/09509326-9C94-44E5-9BC4-2ECA11A75EB7\/1017267\/CpiadeEmpresasMedicinadoTrabalho.pdf\"> empresas autorizadas<\/a> podem prestar servi\u00e7os externos de medicina do trabalho. <\/div><\/div> <div class=\"toggle accent-color\"><h3><a href=\"#\"><i class=\"icon-plus-sign\"><\/i>Como se fazem pedidos de agendamento de consulta na PSS?<\/a><\/h3><div> Aos nossos clientes, os pedidos de consulta m\u00e9dica podem ser feitos atrav\u00e9s dos seguintes contactos: 296 098 530 ou pelo email geral@pss-sst.pt\u00a0<\/div><\/div><\/div>\n<\/div><div class=\"clear\"><\/div>\n<\/div><\/div>\n","protected":false},"excerpt":{"rendered":"","protected":false},"author":1,"featured_media":0,"parent":0,"menu_order":0,"comment_status":"closed","ping_status":"closed","template":"","meta":{"spay_email":""},"_links":{"self":[{"href":"http:\/\/pss-sst.pt\/front2\/index.php?rest_route=\/wp\/v2\/pages\/910"}],"collection":[{"href":"http:\/\/pss-sst.pt\/front2\/index.php?rest_route=\/wp\/v2\/pages"}],"about":[{"href":"http:\/\/pss-sst.pt\/front2\/index.php?rest_route=\/wp\/v2\/types\/page"}],"author":[{"embeddable":true,"href":"http:\/\/pss-sst.pt\/front2\/index.php?rest_route=\/wp\/v2\/users\/1"}],"replies":[{"embeddable":true,"href":"http:\/\/pss-sst.pt\/front2\/index.php?rest_route=%2Fwp%2Fv2%2Fcomments&post=910"}],"version-history":[{"count":16,"href":"http:\/\/pss-sst.pt\/front2\/index.php?rest_route=\/wp\/v2\/pages\/910\/revisions"}],"predecessor-version":[{"id":1079,"href":"http:\/\/pss-sst.pt\/front2\/index.php?rest_route=\/wp\/v2\/pages\/910\/revisions\/1079"}],"wp:attachment":[{"href":"http:\/\/pss-sst.pt\/front2\/index.php?rest_route=%2Fwp%2Fv2%2Fmedia&parent=910"}],"curies":[{"name":"wp","href":"https:\/\/api.w.org\/{rel}","templated":true}]}}